-3 - 7).
5
-5 - 2 - (-1 - 9)
3
What is the value of -4 - (2 + 3 + (-8 - -6))?
-7
Calculate (289 - 288) + -1 + -3 + 0.
-3
Calculate 2 - 11 - (0 + -2 - 1).
-6
Evaluate (14 - 9) + -12 + 5.
-2
What is the value of 3 + -2 + (2 - -2)?
5
What is (1 - (3 - -1)) + 0?
-3
(-11 - -23) + -6 - (5 + 0)
1
What is the value of 1 + 2 - (-10 - -14)?
-1
What is 0 - (6 - (4 + -2))?
-4
What is -1 + 1 + -2 + 7?
5
Evaluate -6 - -2 - (-58 - -56).
-2
2 - (0 - (2 - 9))
-5
0 + (-2 - 7) - (6 - 9)
-6
-7 - -6 - (-1 + 3)
-3
What is -4 - 2 - (-3 - 4)?
1
4 - (6 + (-5 - -4))
-1
What is 4 + -3 + -1 + -2?
-2
Calculate -8 + 13 + -5 + 5.
5
Evaluate 2 + 0 - (42 + -36).
-4
4 + (-9 - -3) + 2 - 2
-2
Calculate (-5 - -8) + -1 + 0.
2
What is the value of -12 + 11 + -11 - -7?
-5
What is the value of 0 + 2 + 1 - (3 - 4)?
4
What is the value of (0 - 1) + 110 + -117?
-8
Evaluate (-4 + 2 - (1 - -3)) + -1.
-7
What is 3 - (-11 + 1) - (7 + -1)?
7
What is -3 + (2 - -12 - 5)?
6
What is 2 - (-8 + 13 + 3)?
-6
Evaluate 2 + -5 + (-2 - -2).
-3
Calculate 2 - -1 - (-5 - (0 + -3)).
5
-3 + (5 - -1) - (0 - 2)
5
-4 - ((4 - 2 - 4) + -1)
-1
What is the value of 1 - 6 - (-1 + (0 - 1))?
-3
What is 2 + (8 - (-13 + 26))?
-3
Evaluate 3 + 0 + (-1 + 4 - 14).
-8
Evaluate 1 - 3 - (2 - 0).
-4
What is the value of -6 - (-2 + 1 - (0 - -3))?
-2
Calculate 1 - (0 + 1 + (-3 - 3)).
6
What is -6 + 4 + -4 + 5 + -2?
-3
What is the value of 1 + 4 - (-7 - -6)?
6
Calculate 1 + -5 + -1 - (-15 - -7).
3
What is the value of 6 + (-5 - 8) - 0?
-7
Calculate 2 - ((-4 - -4) + -4 + 3).
3
-2 + (8 - 9) + 2
-1
Calculate -12 - 1 - (88 + -98).
-3
3 + -9 + -8 - -15
1
What is the value of 3 - (4 - 2 - -6)?
-5
(-4 - -7) + (2 - 3)
2
(7 - (18 + -9)) + 1
-1
What is the value of -6 + (0 - 0) + -7 + 10?
-3
What is the value of (19 + 2 - 28) + 2 + 1?
-4
What is (6 - 2 - 6) + 1?
-1
Evaluate (-7 - -16) + -1 + (5 - 9).
4
Evaluate (-85 - -86) + (-2 - (1 - 8)).
6
(-9 - -6) + -1 + 3
-1
What is -1 - ((1 - 1) + 2)?
-3
What is the value of -2 - 0 - (-1 - (-4 - -1))?
-4
-4 + -2 + -1 + 0 - -2
-5
Evaluate (-2 - -12) + -1 + -218 + 213.
4
What is 1 + (7 - 4) + -2?
2
Evaluate (-6 - (-8 - (-5 - -2))) + 4.
3
What is -5 + 4 - (3 + (4 - 4))?
-4
What is -2 - 1 - (-6 + -4 + 5)?
2
Evaluate 2 + 0 + -7 - (2 - 15).
8
Evaluate 8 + -2 + -4 + 0.
2
What is the value of -2 - ((-4 - -2) + -8 + 8)?
0
Evaluate (-2 - (0 + 0)) + 4 + -1.
1
Evaluate 4 - (8 + 7 + -8).
-3
14 + (-2 - 10 - -2)
4
What is the value of 9 - 9 - (-3 + -2)?
5
What is the value of -13 + 7 + -2 + 3?
-5
(0 - 5) + -4 + 0 - -5
-4
Calculate 14 + 1 + -15 - 8.
-8
What is the value of (2 - 6) + 3 - -3?
2
What is the value of 1 + (-1 - 1) + -395 + 401?
5
What is 1 + 6 + -8 + -4 - -6?
1
Calculate 1 + 2 - (21 - 23).
5
Evaluate 6 - (22 - 9 - -4).
-11
What is -7 - (8 + -9 - -5)?
-11
What is the value of -5 + 5 + 12 + -8?
4
What is the value of 8 - (-8 + 9 + (0 - -1))?
6
Calculate -14 - (7 - 42 - -10).
11
What is -11 + -2 + 28 - (0 + 8)?
7
4 + (3 - (1 - -3))
3
Evaluate (-4 - -2) + 1 + 0.
-1
What is the value of 2 - (-3 - -2 - -1)?
2
What is -7 - 1 - (-6 + 0)?
-2
What is 37 - 33 - (-4 - (1 + -1))?
8
What is -3 + (-4 - -9) + 2?
4
11 - 0 - (7 + 3)
1
-24 + 16 - (-1 - 1)
-6
0 + 6 + -6 - (-14 + 22)
-8
Calculate (-7 - -6) + -5 + 3.
-3
What is -28 - -30 - (-4 + -1)?
7
Calculate 7 + (-14 - 1) + 3.
-5
What is the value of -5 - (-7 - (3 + -9))?
-4
What is -5 - (-3 + 0 + 3)?
-5
Calculate 15 - (-6 + (6 - -9)).
6
(4 - 2 - 6) + -4 - -4
-4
What is (8 - 17) + 18 + -11?
-2
2 - ((5 + -2 - 2) + 5)
-4
What is the value of -6 + (2 - (-5 - -1))?
0
What is -18 - -17 - (0 + -1 + 4)?
-4
(-4 - (10 + -16)) + 1
3
What is the value of -8 + 4 + (1 - 1)?
-4
What is 2 + 0 - -2 - (-6 - -9)?
1
Evaluate 1 + -6 + 58 + -49.
4
-8 - -1 - (-27 + 22)
-2
What is the value of -3 + (6 - (-2 - -5) - 2)?
-2
What is -1 - (-8 - -6) - -2?
3
What is the value of 5 + (1 + -1 - (-2 + 2))?
5
What is (2 - (3 - (-2 + 7))) + -1?
3
Evaluate (3 - 1) + (-3 - -6) - 4.
1
What is the value of 5 + -7 + 3 - -4?
5
Evaluate 0 + -3 + -4 + 3.
-4
Calculate -9 - ((1 - 3) + 0 - 0).
-7
What is the value of (-4 - -1 - (-10 + 8)) + 1?
0
Calculate 6 + 3 + -2 + (1 - 2).
6
-11 + -1 - (-10 - 2)
0
Evaluate -2 + 2 + (0 - 2) + -3.
-5
Calculate -4 + (2 - 4) + 6 + -3.
-3
7 + 1 + (9 - 21) + 9
5
What is the value of (2 - (9 - (8 + -6))) + -2?
-7
Evaluate 2 - (3 - (0 + 4 + -6)).
-3
(-1 - -10) + -23 + 13
-1
What is the value of 13 + -7 - (5 + -6)?
7
What is -8 - (2 + -1 + -8)?
-1
-8 + (-11 - -4) + 13
-2
Evaluate -1 - (1 + -1) - 1.
-2
16 - 20 - (-1 - 0 - 0)
-3
Evaluate -7 + 4 - (0 + (-2 - 0)).
-1
-2 + (-5 - -7) + (6 - 1)
5
(1 + -2 - -9) + 27 + -30
5
What is -4 + 4 + (1 - -3)?
4
Calculate 8 + -3 + -10 + (-6 - -5).
-6
Evaluate -4 - (3 - (-1 - 0) - 12).
4
What is (6 - (-3 + 7)) + 1?
3
What is -20 + 19 + -3 - (-1 + -5)?
2
What is -4 + (0 - (-2 - 5))?
3
Evaluate -5 + (0 - (2 - 1)) + 2.
-4
Calculate (-4 - 0) + 3 + 6.
5
What is the value of 1 + (-2 + 6 - -3)?
8
Calculate -5 + (5 + 14 - 6) - -3.
11
3 + (-5 - -4) + 1 - 4
-1
(4 - 3) + -42 + 35
-6
What is (-16 - -12) + (4 - (2 - 1))?
-1
What is the value of -3 + 8 + 5 - (1 - -4)?
5
What is 2 + (2 - 3) + (-3 - -3)?
1
What is -3 - (-3 + (0 - (2 - 4)))?
-2
Evaluate ((4 - 4) + -7 - -10) + 4.
7
Calculate 7 - 13 - (-14 - -1).
7
Evaluate (10 - 3) + -7 + (2 - -2).
4
What is the value of (-2 - -1 - -2) + -6 + 1?
-4
What is the value of (-5 + 4 - -2) + 1?
2
What is -5 + 6 + (-9 - (-1 + -2))?
-5
What is 9 - 17 - -5 - (-1 + -2)?
0
What is the value of 1 + 2 - (-8 + 17 - 7)?
1
What is 10 - (9 - -1 - 4)?
4
What is the value of 6 - (6 - (7 - (-6 - -13)))?
0
Calculate 1 + -12 - (-30 + 24).
-5
3 - (0 + (0 - -2)) - -3
4
1 + -9 + 4 + 35 + -21
10
What is the value of 18 - 9 - 5 - 7?
-3
What is the value of -29 - -25 - (-5 + -2)?
3
What is 8 + -1 - (43 + -31)?
-5
Calculate 1 + -11 + 6 + 9.
5
Evaluate 0 - (2 + 2) - -6.
2
17 + (-11 - -1) + -1
6
What is the value of -2 + 0 + 11 + 2 + -6?
5
Evaluate 1 + -4 + -2 - (-6 + 10).
-9
-18 - (-8 + (-8 - -5))
-7
Evaluate 10 + -8 - (0 + 6).
-4
What is 4 + (2 - 0) - (1 + 0)?
5
What is the value of 0 + 2 - (8 - 6)?
0
Evaluate 14 + -12 - (10 - 1).
-7
What is the value of -11 + 13 - (2 - 0)?
0
Evaluate 4 + (2 - 7) + -6 + 2.
-5
11 + -14 - (-2 + 3)
-4
Evaluate -2 + (2 - -4) - 5.
-1
Calculate -5 - (-11 - (0 - 5)).
1
What is 0 + (9 - 11) + 2?
0
What is 3 - (-3 + 4 - -3)?
-1
(1 + 1 - 1) + -4
-3
1 + -2 - -4 - (20 + -16)
-1
Evaluate 3 + 0 + -1 + 2 + -2.
2
Evaluate -2 - (3 - (0 - (-5 - -1))).
-1
What is the value of -1 + 0 + -7 + (-2 - -12)?
2
Evaluate 25 + -13 + (-3 - 14).
-5
Evaluate 14 + (-6 - -1) - -1.
10
Evaluate 2 - (-2 + 0 + -5) - 4.
5
Calculate 4 + 4 + -4 - 6.
-2
What is the value of (-22 - -9) + 18 - 5?
0
Evaluate 15 + -11 - (3 + -5 + 7).
-1
7 - (4 - 4 - -6)
1
-1 - 1 - (-11 - -7)
2
Evaluate (-9 - (-9 + 10)) + 6.
-4
What is (3 - 9) + (28 - 28)?
-6
Calculate (-13 - -3 - -6) + 4.
0
What is the value of 4 + 3 + 1 + -4 + -1?
3
Evaluate -7 - (1 - 3 - 8).
3
(2 + 0 + -3 - 1) + 5
3
Calculate (-20 - -16) + (2 + -4 - -11).
5
What is the value of 1 + 1 + 29 + -39?
-8
What is the value of 2 - (10 - 4) - 0?
-4
What is -2 + 4 + (4 - -3 - 4)?
5
What is the value of (7 - 8) + 2 + -1?
0
Evaluate (-3 + -8 - -4) + 1.
-6
Calculate -7 + (-1 + -2 - (-15 + 9)).
-4
-3 + 1 + (35 - 35)
-2
What is the value of 0 - ((6 - -1) + -2 + -1)?
-4
What is the value of 0 + -5 + 9 + -5 + -4?
-5
Evaluate 76 - 66 - (12 - 0).
-2
Evaluate -1 + -3 + 20 + -17 + 2.
1
Evaluate (-18 - -3) + 9 - 2.
-8
2 + -3 - 4 - (-21 - -17)
-1
Evaluate (-6 - (3 + -7)) + 7.
5
Calculate (0 - (4 + (-3 - 9))) + -4.
4
0 - -1 - -2 - (0 + 2)
1
Evaluate (1 - (2 + -3)) + -4 + 0.
-2
What is -9 - ((-7 - 1) + 5)?
-6
Calculate -6 - (-1 + -8 - -4).
-1
What is 3 + (-2 - 0) - (-16 - -12)?
5
What is the value of (-17 - -12) + (-1 - -8)?
2
6 - (-9 - -14) - -6
7
Evaluate 2 - -2 - (16 + -7 - 6).
1
What is the value of 7 + (-3 - 1) - (3 - -2)?
-2
What is the value of -2 + (4 - 8) + -2 + 10?
2
What is the value of 8 - 15 - (0 + (-1 - 4))?
-2
-8 - (-9 - -4) - -4
1
What is the value of -5 + 14 - (-2 + (6 - 0))?
5
(2 - 4 - 4) + 1
-5
(24 - 15) + 1 + -4
6
-4 - -10 - (1 - 2)
7
What is (-2 - -3) + 2 + -2 + -2?
-1
What is -8 + 8 + (6 - 1)?
5
What is the value of -8 - (-1 + -3) - 1?
-5
What is the value of -10 - (1 - 0 - 4 - -1)?
-8
What is the value of -8 +